1, 9*d = 6*d - 2*l + 3098. List the prime factors of d.
2, 3, 43
Let s = 2575 - -1061. What are the prime factors of s?
2, 3, 101
Let p = 74 + -69. Suppose p*q + w = 1073, -4*q = -0*q + w - 858. List the prime factors of q.
5, 43
Let p = 79 - 28. Suppose 11*q - 214 = 61. Suppose -q = -4*y + p. What are the prime factors of y?
19
Suppose 2*s - 1018 = -2*n, -s + 95*n + 489 = 92*n. What are the prime factors of s?
2, 3, 7
Let r = -12 + 10. Let z be r/4 + (-324)/(-8). Let q = z + -26. List the prime factors of q.
2, 7
Let o = 4935 + -305. What are the prime factors of o?
2, 5, 463
Suppose -v - 3*u - 3 = 2*u, 2*u = -4*v + 6. Suppose 0 = q - 3*o - 114, 4*q - o = -v*o + 495. List the prime factors of q.
3, 41
Suppose 19 = j - 5*n, 5*j = 5*n + 48 + 107. Let y = 99 - j. List the prime factors of y.
5, 13
Suppose 3*b - 91 = -v + 2*v, 2*v = -3*b + 106. Let w = 14 + b. What are the prime factors of w?
2, 23
Let m(n) = -24*n - 4. Let d be m(11). Let j = -156 - d. What are the prime factors of j?
2, 7
Let t be (5/((-5)/498))/(-3 - -1). Suppose 3*j - t = -3. What are the prime factors of j?
2, 41
Let w = 157 - 98. Suppose 0 = b - 31 - w. Let z = -52 + b. List the prime factors of z.
2, 19
Let n(l) = -4*l**3 - 3*l**2 + 4*l - 8. What are the prime factors of n(-4)?
2, 23
Suppose 3*w - 25 = -16. Suppose 0 = 2*x + w - 7. List the prime factors of 3*(2 + x - 3).
3
Let b be 36012/51 - 7/(476/8). Suppose -6*s + 2170 - b = 0. What are the prime factors of s?
2, 61
Let o = 1188 + -373. List the prime factors of o.
5, 163
Let w(k) = 2*k**3 - 7*k**2 + 5*k - 4. Let z be w(4). Let o = z - -29. Let c = o + -43. List the prime factors of c.
2, 3
Let z(h) = 64*h**2 - 14*h - 48. List the prime factors of z(-3).
2, 3, 5, 19
Suppose j + 2156 = 3*z, -3*z - 5*j + 2141 = -3*j. What are the prime factors of z?
3, 239
Suppose k + 3*k + 147 = w, 3*k - 250 = -2*w. Suppose -y = 4*f - 67, -y - w = -3*y - 5*f. List the prime factors of y.
3, 7
Suppose -g - x + 1338 = -1384, 4*g - 10882 = 2*x. What are the prime factors of g?
3, 907
Suppose -5*b = -41*n + 45*n - 10389, 8313 = 4*b + 5*n. List the prime factors of b.
31, 67
Suppose 8*p = -9*p + 11509. List the prime factors of p.
677
Let z be (19/2)/(6/1404). Suppose 203 = -10*n + z. List the prime factors of n.
2, 101
Let z be (12/10 - 0)*-5. Let x = -574 - -454. What are the prime factors of (-3)/z*x/(-3)?
2, 5
Suppose -99 = -3*t - 57. Let p(l) = l**2 - 8*l + 3. Let y be p(8). Let s = y + t. What are the prime factors of s?
17
Let v(i) be the first derivative of i**3/3 - 6*i - 8. What are the prime factors of v(4)?
2, 5
Let l = 85 + -93. What are the prime factors of 0 + (-4)/l*244?
2, 61
Suppose 342 = 4*y + y + 2*z, y + 3*z = 58. List the prime factors of (-1 + 3 - 0) + y.
2, 3
What are the prime factors of (118360/(-36))/(-1) + (-6)/(-27)?
2, 3, 137
Let k be ((-1008)/(-3))/7*14/4. Suppose 597 - k = 3*g. What are the prime factors of g?
11, 13
Suppose -2*c - 3*c = -785. Suppose c + 109 = 7*p. What are the prime factors of p?
2, 19
Let m(l) = l**2 - 2*l + 1. Let v be m(1). List the prime factors of 121/1 - (v/1 - 0).
11
Let d = 149 - -175. What are the prime factors of d?
2, 3
Suppose 8*h - 993 = 5*h. What are the prime factors of h?
331
Suppose -4*f + 6*f = 0. Suppose -2*r - 24 = -f*r. List the prime factors of (0 + -8)*r/3.
2
List the prime factors of (38/4)/(1/28).
2, 7, 19
Let y(f) be the third derivative of -f**4/12 - 2*f**3 + f**2. Let p be y(-9). Suppose -p*h + 172 = -2*h. List the prime factors of h.
43
List the prime factors of (0 + 15)/(18/1500).
2, 5
Let r = 14 - -13. Suppose 2*z - 9 = -z. Let l = r - z. What are the prime factors of l?
2, 3
Let i = 106 - 103. What are the prime factors of -6 - 100/(-15) - (-568)/i?
2, 5, 19
Suppose -2*b = -6*b - l - 24, 2*l - 12 = 4*b. Let w(m) = -m**3 - 2*m**2 - 4*m - 2. List the prime factors of w(b).
3, 31
Suppose -78*n = -81*n + 1392. List the prime factors of n.
2, 29
Let v be (544/(-40))/(2/(-30)). Suppose j = 4*w - 3*j - v, 3*j = 0. What are the prime factors of w?
3, 17
Let h = 31 - 13. Let v be h/3 + 1*-4. Let x = 9 - v. What are the prime factors of x?
7
Let f(x) = x**2 - 6*x + 6. Let n be f(5). Let t be n - 3 - -2 - -13. Let u = t - -7. List the prime factors of u.
2, 5
Suppose -4*w + 27 = 3*x, 2*x + w = -w + 16. Suppose -4*a = n - 81, x*a - 30 - 67 = 3*n. Suppose -28 = -h + a. What are the prime factors of h?
2, 3
Let u = -14 + 84. Suppose -5*i = 5, 3*i - 103 = -4*v + u. Suppose 4*z - 27 = -3*p, 1 = 5*p + z - v. What are the prime factors of p?
3
Let i(w) = 6 + 6*w + 6*w**2 + 6*w**2 - 7*w**2 - 2*w**3. Let b be i(-4). Suppose 4*d = -42 + b. List the prime factors of d.
37
Suppose -2 - 1 = d. Let i be 2 - 9/(d - 0). Suppose 0 = i*f - 152 + 37. What are the prime factors of f?
23
Suppose 2*v + 2 = 8. Suppose v*h + c = -2*h - 41, h - 7 = -4*c. Let t = 13 + h. List the prime factors of t.
2
Suppose 19*j - 29335 = -7219. List the prime factors of j.
2, 3, 97
Let i = 4520 + -3192. List the prime factors of i.
2, 83
Let g be (52 + -8)*(-42)/4. Let s = g - -692. List the prime factors of s.
2, 5, 23
Suppose 2*d - 4*m = -28, 46 - 15 = -2*d + m. Suppose 2*c = 3*c - 19. Let a = c + d. List the prime factors of a.
3
Let l = 805 + -172. List the prime factors of l.
3, 211
Let h be -1*((-12)/6 - 30). Suppose p = c + 12 - 59, 5*p - 225 = -5*c. Let t = c - h. What are the prime factors of t?
2, 7
Let a(k) = k**3 + 12*k**2 - 25*k - 15. What are the prime factors of a(-7)?
3, 5
Let z be (0 - 1) + 50/(-2). Suppose 67*w + 65 = 62*w. What are the prime factors of w/z*(-58)/(-1)?
29
Suppose 5*j - 3333 = u, 7*j - 3*j = u + 2667. List the prime factors of j.
2, 3, 37
Suppose -4*k - 656 = -0*k. Let z = k + 242. What are the prime factors of 10/(-15)*z/(-4)?
13
Let u be (-12)/3*1*-1. Suppose 0 = -j + 5*q + 3, -2*j - u*q = 3*j - 15. Suppose 4*o + j*i - 167 = 25, -3*o = -2*i - 144. What are the prime factors of o?
2, 3
Suppose 24 = -1161*j + 1169*j. Let t be ((-4)/(-10))/(1/5). Suppose -s - 4*v = -14, -t*s - 2*v + 55 = -j*v. List the prime factors of s.
2, 13
Let z(g) = -g**3 + 10*g**2 + 11*g + 19. List the prime factors of z(8).
5, 47
Let t be 2*73 - 2/(10/(-15)). Let n = -82 + t. What are the prime factors of n?
67
Suppose 4*s - 2796 = -2*g, -24*s + 21*s = -12. List the prime factors of g.
2, 5, 139
Suppose 5*x = -4*t + 1616, -4*x + 3*x = 3*t - 332. What are the prime factors of x/6*(-30)/(-20)?
2, 5
List the prime factors of -8 + 10 - -522 - (1 - 5).
2, 3, 11
Let k(c) = -c**2 - 3*c - 15. Let t be k(-5). Let b = 117 + t. List the prime factors of b.
2, 23
Suppose 57*w + 4 = 58*w. Suppose 128 = w*v - 180. List the prime factors of v.
7, 11
Let l = -15 - -75. Let v = -166 + 271. Let h = v - l. What are the prime factors of h?
3, 5
Suppose -53 = -5*p + 212. Suppose 5*a - 15 = 0, 0 = -2*c - 3*c + a - p. What are the prime factors of (-56)/c + 12/(-20)?
5
Suppose 0 = p - 2649 - 683. What are the prime factors of p?
2, 7, 17
Let j = -6 + 35. Let t = j + 2. What are the prime factors of t?
31
Let i(t) = t**3 - 10*t**2 + 10*t - 10. Let j be i(9). Let k = 1 + j. Suppose k*m = m - 8. List the prime factors of m.
2
Let q = -495 - -613. List the prime factors of q.
2, 59
Suppose 15*u - 93655 + 15670 = 0. What are the prime factors of u?
3, 1733
Let y(b) = -13*b - 18. Let c be y(-10). Let p = 247 - c. List the prime factors of p.
3, 5
Let r(m) = -m**3 - 10*m**2 + 11*m + 8. Let z = -40 + 29. List the prime factors of r(z).
2
Suppose 5*l - 4615 = -5*f, -5*l - 1821 = -2*f - 2*l. What are the prime factors of f?
2, 3, 17
Let n(y) = 5*y - y**3 + 23 - 6*y**2 - 69 + 21 + 23. List the prime factors of n(-8).
2, 43
What are the prime factors of 5/(525/43904) - 2/15?
2, 11, 19
Let t = -110 - -227. Let w = t - 38. List the prime factors of w.
79
Suppose 4*n = 5*u - 7*u + 358, 4*n + 3*u = 361. What are the prime factors of n?
2, 11
Suppose -342*i = -318*i - 96816. List the prime factors of i.
2, 2017
Suppose -5*k - 4*t + 4 = 0, 2*k + 4 = t + 3. Let a be (1*63)/(-3) + k. Let h = 48 + a. What are the prime factors of h?
3
Let x(v) = -196*v + 329. What are the prime factors of x(-3)?
7, 131
List the prime factors of (-38 - (-2 + 4))*152/(-4).
2, 5, 19
Let x(d) = -d - 7. Let f(o) be the third derivative of o**3/6 + 11*o**2. Let s(